{"id":643,"date":"2022-09-29T00:30:26","date_gmt":"2022-09-28T21:30:26","guid":{"rendered":"https:\/\/globustarim.com.tr\/?page_id=643"},"modified":"2026-01-29T18:11:56","modified_gmt":"2026-01-29T15:11:56","slug":"kurumsal-politikamiz","status":"publish","type":"page","link":"https:\/\/globustarim.com.tr\/index.php\/kurumsal-politikamiz\/","title":{"rendered":"Kurumsal Politikam\u0131z"},"content":{"rendered":"\r\n\r\n\r\n<div class=\"wp-block-safirtema-mainheading singleHeading mainHeading\">\r\n<div class=\"inner\">\r\n<div class=\"text\"><b>Globus Tar\u0131m <\/b>\u00a0olarak, hayat\u0131m\u0131z\u0131n her noktas\u0131nda oldu\u011fu gibi i\u015fimizde de kaliteli performans sa\u011flamak, d\u00fcr\u00fcst, etik ve ahlaki de\u011ferlere sahip olmak ana prensiplerimizden biri oldu.<br \/><br \/>Bu prensipler do\u011frultusunda, 600\u2019den fazla personelimizin her birini ayn\u0131 zamanda <b>\u00e7\u00f6z\u00fcm orta\u011f\u0131m\u0131z yapt\u0131k.<\/b>\u00a0Bununla birlikte \u00e7\u00f6z\u00fcm ortaklar\u0131m\u0131z\u0131n, geli\u015fip b\u00fcy\u00fcmemize, \u00fcr\u00fcn kalitemizin sa\u011flanmas\u0131na ve hijyen ko\u015fullar\u0131m\u0131z\u0131n olu\u015fmas\u0131na do\u011frudan katk\u0131lar\u0131 olmas\u0131 i\u00e7in \u015firket i\u00e7i ve d\u0131\u015f\u0131 e\u011fitimler d\u00fczenledik ve bu sayede t\u00fcm \u00e7al\u0131\u015fanlar\u0131m\u0131z\u0131n teknik geli\u015fimlerini sa\u011flad\u0131k.<br \/><br \/>Di\u011fer yandan i\u015f g\u00fcvenli\u011fi ve sa\u011fl\u0131\u011f\u0131 i\u00e7in t\u00fcm ayr\u0131nt\u0131lara dikkat ederek, gerekli \u00f6nlemleri ald\u0131k. Kaliteli Performans Sa\u011flama yakla\u015f\u0131m\u0131m\u0131z ile personelimizin motivasyonunu s\u00fcrekli y\u00fcksek tuttuk ve \u00e7al\u0131\u015fanlar\u0131m\u0131z aras\u0131nda ayr\u0131m yapmaks\u0131z\u0131n performanslar\u0131n\u0131 de\u011ferlendirdik. Performanslar\u0131 \u00fcst d\u00fczeyde olan \u00e7\u00f6z\u00fcm ortaklar\u0131m\u0131z\u0131 \u00f6d\u00fcllendirerek, onlara e\u015fit ko\u015fullar sa\u011flad\u0131k ve aralar\u0131nda yarat\u0131c\u0131l\u0131\u011fa dayal\u0131 bir ili\u015fki \u015fekli\u00a0<b>olu\u015fturduk.<\/b><br \/><br \/><b>DALINDAN D\u00dcNYAYA &#8211; EKOLOJ\u0130 POL\u0130T\u0130KALARIMIZ<\/b><br \/><b>Globus Tar\u0131m<\/b>, \u00fcr\u00fcnlerin topraktan do\u011fdu\u011funu, do\u011fan\u0131n mucizevi tabiat\u0131nda olgunla\u015ft\u0131\u011f\u0131n\u0131 ve \u00f6zenli eller sayesinde nesilden nesile aktar\u0131laca\u011f\u0131n\u0131 bildi\u011fi i\u00e7in faaliyetlerinin her an\u0131nda \u00e7evre politikas\u0131n\u0131 ana k\u00fclt\u00fcr\u00fc olarak benimsemektedir.<br \/><br \/><b>\u201cBu k\u00fclt\u00fcr\u00fc en iyi \u015fekilde aktarabilmek i\u00e7in \u00e7evreye, insana ve hayvan sa\u011fl\u0131\u011f\u0131na zarar vermeyen tar\u0131msal \u00fcretim yapan Globus Tar\u0131m, do\u011fal kaynaklar\u0131 korur ve onlara sahip \u00e7\u0131kar.\u201d<\/b><br \/><br \/>En \u00f6nemlisi ise; \u00fcr\u00fcnlerin \u00fcretimi boyunca tar\u0131mda izlenebilirlik ve s\u00fcrd\u00fcr\u00fclebilirlik ko\u015fullar\u0131n\u0131 \u00f6n planda tutarak, g\u0131dalar\u0131n\u00a0<b>g\u00fcvenli\u011fini sa\u011flar.<\/b><\/div>\r\n<\/div>\r\n<\/div>\r\n<div class=\"wp-block-columns\">\r\n<div class=\"wp-block-column\"><\/div>\r\n<!-- \/wp:post-content --><\/div>\r\n<!-- \/wp:columns -->","protected":false},"excerpt":{"rendered":"","protected":false},"author":1,"featured_media":0,"parent":0,"menu_order":0,"comment_status":"closed","ping_status":"closed","template":"","meta":{"footnotes":""},"class_list":["post-643","page","type-page","status-publish","hentry"],"aioseo_notices":[],"_links":{"self":[{"href":"https:\/\/globustarim.com.tr\/index.php\/wp-json\/wp\/v2\/pages\/643","targetHints":{"allow":["GET"]}}],"collection":[{"href":"https:\/\/globustarim.com.tr\/index.php\/wp-json\/wp\/v2\/pages"}],"about":[{"href":"https:\/\/globustarim.com.tr\/index.php\/wp-json\/wp\/v2\/types\/page"}],"author":[{"embeddable":true,"href":"https:\/\/globustarim.com.tr\/index.php\/wp-json\/wp\/v2\/users\/1"}],"replies":[{"embeddable":true,"href":"https:\/\/globustarim.com.tr\/index.php\/wp-json\/wp\/v2\/comments?post=643"}],"version-history":[{"count":3,"href":"https:\/\/globustarim.com.tr\/index.php\/wp-json\/wp\/v2\/pages\/643\/revisions"}],"predecessor-version":[{"id":748,"href":"https:\/\/globustarim.com.tr\/index.php\/wp-json\/wp\/v2\/pages\/643\/revisions\/748"}],"wp:attachment":[{"href":"https:\/\/globustarim.com.tr\/index.php\/wp-json\/wp\/v2\/media?parent=643"}],"curies":[{"name":"wp","href":"https:\/\/api.w.org\/{rel}","templated":true}]}}